ple of 14?
False
Is 50 a factor of 4212?
False
Does 239 divide 5975?
True
Is 8 a factor of 30238?
False
Is 72 a factor of 9000?
True
Is 32 a multiple of 29?
False
Does 25 divide 3356?
False
Is 948 a multiple of 13?
False
Is 13 a factor of 468?
True
Is 9 a factor of 1238?
False
Does 64 divide 2446?
False
Is 53 a factor of 1378?
True
Does 19 divide 123?
False
Is 76 a factor of 608?
True
Is 9275 a multiple of 25?
True
Does 7 divide 7?
True
Is 8 a factor of 2952?
True
Is 16 a factor of 7136?
True
Is 4 a factor of 776?
True
Is 12 a factor of 1932?
True
Is 24 a factor of 13951?
False
Is 50 a factor of 2387?
False
Does 6 divide 5976?
True
Is 12 a factor of 48073?
False
Does 25 divide 666?
False
Is 28 a factor of 82180?
True
Is 14 a factor of 7462?
True
Is 19 a factor of 1824?
True
Is 58 a factor of 45906?
False
Is 212 a multiple of 20?
False
Is 1169 a multiple of 16?
False
Does 2 divide 11588?
True
Is 35 a factor of 20335?
True
Does 5 divide 43?
False
Does 27 divide 297?
True
Is 52592 a multiple of 173?
True
Does 13 divide 4645?
False
Does 15 divide 223?
False
Does 27 divide 2667?
False
Does 149 divide 134845?
True
Is 27819 a multiple of 72?
False
Is 40527 a multiple of 19?
True
Is 8996 a multiple of 52?
True
Is 14 a factor of 462?
True
Is 45 a factor of 180?
True
Is 70272 a multiple of 16?
True
Is 5 a factor of 3918?
False
Does 14 divide 763?
False
Is 1152 a multiple of 128?
True
Is 6585 a multiple of 20?
False
Does 15 divide 3702?
False
Does 25 divide 60200?
True
Does 2 divide 2139?
False
Is 21 a factor of 1787?
False
Is 576 a multiple of 33?
False
Does 20 divide 5840?
True
Is 27 a factor of 6988?
False
Is 8 a multiple of 8?
True
Is 322 a factor of 20608?
True
Does 108 divide 4860?
True
Is 51 a factor of 27795?
True
Is 638 a multiple of 22?
True
Is 52 a factor of 1144?
True
Is 71 a factor of 7384?
True
Is 2 a factor of 2109?
False
Does 13 divide 2837?
False
Does 3 divide 136?
False
Does 18 divide 636?
False
Does 14 divide 13006?
True
Is 26 a factor of 1664?
True
Does 81 divide 15455?
False
Does 57 divide 2046?
False
Does 43 divide 2695?
False
Does 140 divide 3500?
True
Is 3484 a multiple of 52?
True
Is 21078 a multiple of 147?
False
Does 27 divide 1134?
True
Is 42895 a multiple of 115?
True
Is 210 a multiple of 7?
True
Does 208 divide 74126?
False
Is 19 a factor of 34816?
False
Is 5771 a multiple of 29?
True
Does 57 divide 1140?
True
Is 19 a factor of 15861?
False
Does 43 divide 387?
True
Does 33 divide 10692?
True
Is 2778 even?
True
Is 14 a factor of 896?
True
Does 74 divide 18357?
False
Does 7 divide 7971?
False
Does 12 divide 900?
True
Is 47 a factor of 42685?
False
Is 9865 a multiple of 30?
False
Is 27 a factor of 459?
True
Is 280 a multiple of 7?
True
Does 9 divide 1566?
True
Is 9987 a multiple of 39?
False
Does 15 divide 79529?
False
Does 98 divide 3315?
False
Is 1919 a multiple of 9?
False
Is 136 a factor of 233?
False
Does 25 divide 10826?
False
Is 11 a factor of 545?
False
Is 858 a multiple of 78?
True
Is 48349 a multiple of 7?
True
Is 12 a factor of 28896?
True
Does 71 divide 1136?
True
Is 71195 a multiple of 39?
False
Is 968 a multiple of 27?
False
Is 958 a multiple of 14?
False
Is 152256 a multiple of 244?
True
Does 115 divide 49714?
False
Does 5 divide 485?
True
Does 9 divide 582?
False
Does 29 divide 1363?
True
Does 62 divide 806?
True
Is 19 a factor of 57?
True
Is 79 a factor of 2816?
False
Does 7 divide 4123?
True
Does 41 divide 17808?
False
Is 984 a multiple of 82?
True
Does 7 divide 8918?
True
Does 147 divide 47334?
True
Does 7 divide 294?
True
Does 29 divide 4424?
False
Does 97 divide 45295?
False
Does 172 divide 72949?
False
Is 880 a multiple of 22?
True
Does 21 divide 2331?
True
Does 115 divide 22794?
False
Is 8 a factor of 906?
False
Does 13 divide 48293?
False
Is 15 a factor of 315?
True
Does 63 divide 945?
True
Is 34 a factor of 343?
False
Does 48 divide 4675?
False
Does 17 divide 1241?
True
Is 840 a multiple of 3?
True
Is 14 a factor of 11116?
True
Is 21 a factor of 1410?
False
Is 12 a factor of 34092?
True
Is 9463 a multiple of 25?
False
Is 160 a multiple of 4?
True
Is 4 a factor of 56?
True
Does 65 divide 2398?
False
Does 85 divide 14450?
True
Is 40 a factor of 200?
True
Is 2883 a multiple of 242?
False
Is 429 a multiple of 13?
True
Is 20 a factor of 1680?
True
Does 39 divide 1396?
False
Does 5 divide 877?
False
Does 4 divide 1362?
False
Does 64 divide 19136?
True
Is 870 a multiple of 17?
False
Does 34 divide 5985?
False
Is 12 a factor of 180?
True
Is 1204 a multiple of 7?
True
Is 13242 a multiple of 13?
False
Is 2398 a multiple of 32?
False
Is 15 a factor of 6975?
True
Does 12 divide 10344?
True
Is 16 a factor of 1648?
True
Is 12 a factor of 1807?
False
Is 2856 a multiple of 12?
True
Is 4 a factor of 1867?
False
Does 3 divide 153?
True
Is 72 even?
True
Does 95 divide 4085?
True
Is 2403 a multiple of 5?
False
Is 6811 a multiple of 54?
False
Is 6943 a multiple of 31?
False
Is 63 a factor of 3969?
True
Does 4 divide 11154?
False
Is 10871 a multiple of 7?
True
Is 67 a factor of 35585?
False
Is 14378 a multiple of 7?
True
Does 192 divide 14400?
True
Is 774 a multiple of 86?
True
Is 113 a multiple of 7?
False
Does 14 divide 321?
False
Does 17 divide 36896?
False
Does 10 divide 8446?
False
Is 159 a factor of 22578?
True
Is 6 a factor of 61?
False
Is 14106 a multiple of 161?
False
Is 115 a factor of 690?
True
Is 4 a factor of 7402?
False
Is 1995 a multiple of 99?
False
Is 53 a factor of 2875?
False
Is 5 a factor of 790?
True
Does 2 divide 68?
True
Is 13260 a multiple of 2?
True
Does 39 divide 1248?
True
Is 35 a factor of 7070?
True
Is 14 a factor of 1278?
False
Is 50 a factor of 1459?
False
Is 3 a factor of 135?
True
Does 23 divide 79?
False
Does 43 divide 64973?
True
Does 61 divide 427?
True
Is 36 a factor of 168?
False
Is 1045 a multiple of 55?
True
Does 63 divide 16002?
True
Is 56 a factor of 1461?
False
Does 13 divide 260?
True
Does 6 divide 1482?
True
Is 22 a factor of 1012?
True
Is 1826 a multiple of 11?
True
Is 13677 a multiple of 291?
True
Is 11392 a multiple of 15?
False
Is 24 a factor of 124927?
False
Does 86 divide 40998?
False
Is 13 a factor of 30394?
True
Is 4277 a multiple of 7?
True
Is 36 a factor of 684?
True
Is 3 a factor of 267?
True
Is 725 a multiple of 5?
True
Does 109 divide 83930?
True
Does 7 divide 3004?
False
Is 39012 a multiple of 15?
False
Is 47 a factor of 242?
False
Does 15 divide 900?
True
Does 28 divide 11816?
True
Does 80 divide 64320?
True
Does 55 divide 2660?
False
Is 1443 a multiple of 34?
False
Does 93 divide 643?
False
Does 3 divide 1161?
True
Does 16 divide 288?
True
Does 5 divide 228?
False
Does 14 divide 8538?
False
Is 216 even?
True
Is 45161 a multiple of 25?
False
Is 16 a factor of 521?
False
Is 11 a factor of 184?
False
Is 8 a factor of 6720?
True
Is 5 a factor of 615?
True
Does 68 divide 9741?
False
Is 2133 a multiple of 43?
False
Does 19 divide 1577?
True
Is 604 a multiple of 23?
False
Is 13 a factor of 7944?
False
Does 27 divide 1735?
False
Is 8260 a multiple of 28?
True
Is 4694 a multiple of 131?
False
Does 13 divide 1790?
False
Is 2736 a multiple of 40?
False
Is 25035 a multiple of 3?
True
Does 76 divide 1444?
True
Does 29 divide 13830?
False
Is 18026 a multiple of 207?
False
Is 8143 a multiple of 73?
False
Does 59 divide 1327?
False
Does 5 divide 650?
True
Is 17 a factor of 890?
False
Is 15 a factor of 2815?
False
Does 12 divide 7533?
False
Is 5020 a multiple of 63?
False
Does 43 divide 75611?
False
Is 159 a multiple of 5?
False
Is 52 a factor of 670?
False
Is 15874 a multiple of 136?
False
Does 111 divide 2220?
True
Is 14 a factor of 2674?
True
Is 37070 a multiple of 11?
True
Is 303 a multiple of 18?
False
Is 141 a factor of 2081?
False
Does 6 divide 708?
True
Does 23 divide 6371?
True
Does 10 divide 110?
True
Is 171 a factor of 30267?
True
Is 133 a multiple of 21?
False
Is 11 a factor of 43708?
False
Does 236 divide 140173?
False
Is 499 a multiple of 3?
False
Is 89 a factor of 12443?
False
Is 83 a factor of 4648?
True
Does 34 divide 612?
True
Is 27 a factor of 324?
True
Does 31 divide 1271?
True
Is 426 a multiple of 11?
False
Is 8456 a multiple of 8?
True
Is 732 a multiple of 12?
True
Does 148 divide 8585?
False
Does 28 divide 538?
False
Does 19 divide 46569?
True
Is 147 a m